
2, 3, 3168353
What are the prime factors of 6857308?
2, 1714327
List the prime factors of 106819.
37, 2887
List the prime factors of 2601638.
2, 13, 47, 2129
What are the prime factors of 34021?
13, 2617
What are the prime factors of 39862333?
7, 43, 18919
What are the prime factors of 162643?
13, 12511
What are the prime factors of 2950562?
2, 1475281
What are the prime factors of 1679322?
2, 3, 23, 43, 283
What are the prime factors of 3106945?
5, 621389
What are the prime factors of 513256?
2, 64157
What are the prime factors of 603639?
3, 79, 283
List the prime factors of 1260287.
7, 43, 53, 79
What are the prime factors of 1667799?
3, 7, 23, 1151
What are the prime factors of 3777069?
3, 79, 15937
List the prime factors of 238944.
2, 3, 19, 131
List the prime factors of 1364090.
2, 5, 7, 13, 1499
What are the prime factors of 581535?
3, 5, 12923
What are the prime factors of 886533?
3, 17, 17383
What are the prime factors of 562303?
7, 80329
List the prime factors of 15558435.
3, 5, 19, 31, 587
List the prime factors of 85247.
85247
List the prime factors of 363091.
191, 1901
What are the prime factors of 5289388?
2, 13, 101719
What are the prime factors of 163285?
5, 17, 113
List the prime factors of 582838.
2, 291419
List the prime factors of 84011.
84011
List the prime factors of 365132.
2, 91283
What are the prime factors of 10005791?
10005791
What are the prime factors of 4134019?
1427, 2897
What are the prime factors of 2215976?
2, 7, 5653
List the prime factors of 1985759.
1985759
List the prime factors of 3470452.
2, 37, 131, 179
List the prime factors of 1163034.
2, 3, 64613
List the prime factors of 458949.
3, 17, 8999
What are the prime factors of 9596006?
2, 7, 685429
What are the prime factors of 782923?
227, 3449
What are the prime factors of 221418?
2, 3, 12301
What are the prime factors of 12311818?
2, 1009, 6101
List the prime factors of 2189044.
2, 11, 13, 43, 89
What are the prime factors of 1920422?
2, 7, 17, 8069
What are the prime factors of 258885?
3, 5, 11, 523
What are the prime factors of 253565?
5, 13, 47, 83
List the prime factors of 543007.
23, 23609
What are the prime factors of 1353320?
2, 5, 23, 1471
What are the prime factors of 1470009?
3, 490003
List the prime factors of 801646.
2, 400823
What are the prime factors of 176214?
2, 3, 43, 683
List the prime factors of 13174737.
3, 4391579
What are the prime factors of 3099481?
7, 11, 40253
List the prime factors of 818607.
3, 353, 773
List the prime factors of 2162929.
2162929
List the prime factors of 134018.
2, 113, 593
What are the prime factors of 1125472?
2, 35171
List the prime factors of 29824132.
2, 13, 47, 12203
What are the prime factors of 14341035?
3, 5, 337, 2837
What are the prime factors of 1081756?
2, 13, 71, 293
What are the prime factors of 1622337?
3, 540779
What are the prime factors of 85737?
3, 28579
List the prime factors of 1845.
3, 5, 41
List the prime factors of 78512.
2, 7, 701
What are the prime factors of 1789793?
29, 61717
What are the prime factors of 283520?
2, 5, 443
What are the prime factors of 103961?
11, 13, 727
What are the prime factors of 73311?
3, 7, 3491
What are the prime factors of 1754654?
2, 11, 79757
What are the prime factors of 353488?
2, 22093
What are the prime factors of 572014?
2, 19, 15053
List the prime factors of 43383.
3, 14461
List the prime factors of 12104376.
2, 3, 504349
List the prime factors of 1374142.
2, 7, 11, 8923
List the prime factors of 8516797.
8516797
What are the prime factors of 5264411?
163, 32297
What are the prime factors of 776935?
5, 155387
What are the prime factors of 9916572?
2, 3, 826381
What are the prime factors of 921531?
3, 13, 23629
List the prime factors of 1351665.
3, 5, 7, 613
List the prime factors of 11445522.
2, 3, 11, 17, 101
List the prime factors of 236063.
236063
List the prime factors of 506004.
2, 3, 149, 283
What are the prime factors of 336289?
523, 643
List the prime factors of 5910999.
3, 1970333
List the prime factors of 158936.
2, 19867
What are the prime factors of 2226996?
2, 3, 61861
What are the prime factors of 570102?
2, 3, 13, 7309
List the prime factors of 10195424.
2, 37, 79, 109
List the prime factors of 2382771.
3, 17, 19, 2459
What are the prime factors of 597535?
5, 127, 941
What are the prime factors of 13134762?
2, 3, 31, 23539
List the prime factors of 73001.
37, 1973
What are the prime factors of 11741572?
2, 409, 7177
List the prime factors of 464327.
464327
What are the prime factors of 11301811?
1231, 9181
List the prime factors of 3251636.
2, 853, 953
What are the prime factors of 256470?
2, 3, 5, 83, 103
List the prime factors of 11084020.
2, 5, 383, 1447
What are the prime factors of 690519?
3, 29, 7937
What are the prime factors of 10149861?
3, 523, 6469
List the prime factors of 219363.
3, 73121
List the prime factors of 25931962.
2, 7, 1852283
What are the prime factors of 943616?
2, 19, 97
What are the prime factors of 217248?
2, 3, 31, 73
List the prime factors of 312981.
3, 104327
List the prime factors of 1316510.
2, 5, 13, 19, 41
What are the prime factors of 1458295?
5, 53, 5503
What are the prime factors of 1045527?
3, 7, 49787
What are the prime factors of 3013972?
2, 13, 149, 389
What are the prime factors of 206254?
2, 281, 367
What are the prime factors of 3701825?
5, 148073
What are the prime factors of 356953?
19, 18787
List the prime factors of 1160908.
2, 7, 5923
What are the prime factors of 6693316?
2, 7, 29, 8243
List the prime factors of 16949815.
5, 59, 57457
What are the prime factors of 343735?
5, 7, 23, 61
What are the prime factors of 1579483?
89, 17747
List the prime factors of 256602.
2, 3, 42767
What are the prime factors of 6885289?
17, 43, 9419
List the prime factors of 4185756.
2, 3, 12919
What are the prime factors of 4212724?
2, 1053181
What are the prime factors of 318196?
2, 79549
List the prime factors of 517162.
2, 258581
What are the prime factors of 7671732?
2, 3, 639311
List the prime factors of 3880428.
2, 3, 323369
List the prime factors of 4501797.
3, 67, 22397
What are the prime factors of 418633?
418633
List the prime factors of 84869.
84869
What are the prime factors of 2762949?
3, 7, 41, 3209
List the prime factors of 5362076.
2, 113, 11863
What are the prime factors of 2883558?
2, 3, 31, 37, 419
What are the prime factors of 1047210?
2, 3, 5, 67, 521
List the prime factors of 13018359.
3, 1759, 2467
List the prime factors of 622639.
622639
What are the prime factors of 379100?
2, 5, 17, 223
List the prime factors of 4241461.
7, 521, 1163
List the prime factors of 12150183.
3, 163, 24847
What are the prime factors of 367444?
2, 7, 11, 1193
What are the prime factors of 338971?
419, 809
List the prime factors of 473974.
2, 19, 12473
What are the prime factors of 3798421?
11, 345311
List the prime factors of 31124.
2, 31, 251
List the prime factors of 5588382.
2, 3, 41, 22717
What are the prime factors of 2532855?
3, 5, 13, 31, 419
List the prime factors of 245259.
3, 7, 17, 229
What are the prime factors of 26285344?
2, 563, 1459
What are the prime factors of 253161?
3, 23, 1223
What are the prime factors of 1333961?
31, 37, 1163
List the prime factors of 6506968.
2, 13, 19, 37, 89
List the prime factors of 15189547.
15189547
What are the prime factors of 197662?
2, 23, 4297
What are the prime factors of 13912840?
2, 5, 347821
What are the prime factors of 379775?
5, 11, 1381
What are the prime factors of 1186847?
1186847
List the prime factors of 26057361.
3, 11, 37, 21341
What are the prime factors of 897922?
2, 269, 1669
List the prime factors of 6479971.
43, 150697
What are the prime factors of 28782705?
3, 5, 7, 274121
What are the prime factors of 233290?
2, 5, 41, 569
What are the prime factors of 252167?
461, 547
What are the prime factors of 8256346?
2, 7, 101, 5839
What are the prime factors of 453693?
3, 43, 3517
List the prime factors of 430413.
3, 53, 2707
List the prime factors of 6733410.
2, 3, 5, 19, 11813
What are the prime factors of 738457?
738457
What are the prime factors of 3614178?
2, 3, 463, 1301
What are the prime factors of 21847244?
2, 17, 18899
What are the prime factors of 2868765?
3, 5, 191251
List the prime factors of 2919012.
2, 3, 43, 5657
List